+ 22 = 2*x, s*x + 3*u - 19 = 0. Calculate the remainder when x is divided by 1.
0
Suppose -4*m + 5072 = 4*z, -3*z + 18*m = 23*m - 3808. Calculate the remainder when z is divided by 9.
6
Suppose -k = 5*o - 4*k - 57, 5*o = -k + 61. Let h = 12 + o. Suppose j + h = 3*j. What is the remainder when 47 is divided by j?
11
Let q(d) = 2*d**3 - 14*d**2 + 3*d - 8. Suppose 12 = -3*l, 4*b - 4*l = -3*l + 36. What is the remainder when q(7) is divided by b?
5
Let t = -34 - -62. Calculate the remainder when t is divided by ((-4)/12)/(4/(-228)).
9
Suppose -165*x = -166*x. Suppose m = 4*k - 45, x = -3*k + 2*k - 4*m + 7. What is the remainder when 29 is divided by k?
7
Suppose -3*p + 9 = -6. Let o(d) = -2*d**2 + 21*d - 8. Let l(x) = -x**2 + 10*x - 3. Let a(u) = 5*l(u) - 2*o(u). What is the remainder when 30 is divided by a(p)?
14
Suppose -2*l = -5*l - 3. Let w(h) = -h - 3. Calculate the remainder when (-1 - l) + 10 + 6/(-2) is divided by w(-6).
1
Suppose -4*h + 1972 = 4*o, 8*o - 7*o = -3*h + 495. What is the remainder when o is divided by 13?
11
Let l be (-8)/(-6) + (-10)/(-6). Suppose 0*n = -l*n + 81. Let m = 4 + n. Calculate the remainder when m is divided by 11.
9
Suppose 0 = -5*l - 4*d + 12 + 2, -2*d = -2. What is the remainder when (-1 + l)/((-4)/(-220)) is divided by 29?
26
Let y = 131 + -67. Let t be (2 + (0 - 2))/3. Suppose 0 = 2*h - 4*b + 6*b - 50, h + 4*b - 34 = t. Calculate the remainder when y is divided by h.
20
Let c(o) = 6*o**3 - 16*o + 30. What is the remainder when c(3) is divided by 32?
16
Suppose -4*x + 96 = 4*k, -x - 5*k = 11 - 35. What is the remainder when (70/(-210))/(4/(-780)) is divided by x?
17
Suppose 5*n = 5, h + 3*n - 323 = -4*h. Let w = -47 + h. Calculate the remainder when 67 is divided by w.
16
Suppose -g + 213 = 2*g. Calculate the remainder when g is divided by 2*((-1170)/(-12))/13.
11
Let p(g) = 6*g**2 - 10*g + 7. Let f = -42 - -140. What is the remainder when f is divided by p(-2)?
47
Let a = -14 - -22. Let z(u) = -a - 7 + 13 - 8*u. Calculate the remainder when z(-4) is divided by 8.
6
Suppose -29 = -5*t + 46. Suppose 1 + t = l. What is the remainder when 60 is divided by l?
12
Suppose -36 = -u - v, -v + 4*v = -12. Let w = 51 + -30. What is the remainder when u is divided by w?
19
What is the remainder when 39/(-2)*(-4180)/285 is divided by 95?
1
Suppose 7155 - 1501 = 22*a. What is the remainder when a is divided by 13?
10
Suppose -411 = -4*i - 3*t, 5*i - 3*t = -2*t + 490. Suppose 5*n - 129 = -4*h, 0*h = 5*n + h - 126. Calculate the remainder when i is divided by n.
24
Let o = 1032 + -360. What is the remainder when 53 is divided by (2/(-4))/((-24)/o)?
11
Suppose -2*q = -55 + 33. Calculate the remainder when 174 is divided by q.
9
Suppose 2*d - 3 = 1. Suppose 0 = v + d*a - 10, 0*v = -3*v + a + 23. Suppose -2*n + 0*n + 26 = 4*m, 13 = n - m. What is the remainder when n is divided by v?
5
What is the remainder when 77/385 + 3018/10 is divided by 78?
68
Let b(d) = d**2 + d + 3. Let t be b(10). Suppose -k - t = -4*g, -k - 3*k = 3*g - 61. Suppose 2 = -3*i + 242. Calculate the remainder when i is divided by g.
26
Let s = 169 - 104. What is the remainder when s is divided by 1*10/(-8) - (-1455)/60?
19
Let i = -18 - -48. Calculate the remainder when 36 is divided by i.
6
Let k = 119 + -115. What is the remainder when 426/k*14/21 is divided by 18?
17
Let o = 100 - 88. Calculate the remainder when 46 is divided by o.
10
Suppose 3*u + 318 = 4*j, -u + 384 = 5*j + 2*u. What is the remainder when j is divided by (-3 - 34 - 3)/(-1)?
38
Calculate the remainder when 377 is divided by (150/(-10))/(12/(-16)).
17
Suppose 72 = -2*u + 3*u. Let c = -152 + u. Calculate the remainder when 37 is divided by ((-3)/6)/(4/c).
7
Suppose w - h = -3*w - 217, w = h - 55. Let c = w - -212. Suppose 4*a = c - 54. What is the remainder when a is divided by 7?
5
Let g(x) = x**3 - 6*x**2 + 2*x + 1. Let z be g(6). Calculate the remainder when (-6)/(-27) - 18974/(-477) is divided by z - (-1)/(-1) - -2.
12
Let x be -4*12/(-16) + -4. Let d be (-28)/(-3) + x/3. Let b = 14 - d. What is the remainder when b is divided by 4?
1
Calculate the remainder when 229 - ((-10)/1 - -2) is divided by 61.
54
Let k be (11 - -3)*(-3)/(-3). Let o(y) = y**2 - 12*y + 1. Calculate the remainder when 86 is divided by o(k).
28
Suppose -2*g - 3 = 3*k, -5*g - k + 0 - 1 = 0. Suppose 4*s + 0*z - z - 22 = 0, g = 2*s - 2*z - 14. What is the remainder when 25 is divided by s?
0
Let z be ((-14)/6)/(1/45). What is the remainder when (-7)/(z/(-10))*-27 is divided by 11?
7
Suppose 2*l + 11 = -15. Let c = 2 - 30. Let k = l - c. What is the remainder when 73 is divided by k?
13
Let y = -273 + 138. Let i = -102 + 30. Let f = i - y. What is the remainder when f is divided by 16?
15
Let h(w) = 13*w - 100. Calculate the remainder when 114 is divided by h(10).
24
Let z = 44 - 27. Suppose 0 = -5*c + 5*i + 160, 2*c = -4*i + 81 - 23. What is the remainder when c is divided by z?
14
Suppose -y + 2*i = 7, -8*y - 24 = -3*y + i. Let m = y + 9. Calculate the remainder when 4 is divided by m.
0
Suppose 0*o + 5*o = -5*k + 60, 5*o - k - 72 = 0. What is the remainder when 109 is divided by o?
11
Let r = 589 - 420. What is the remainder when r is divided by 35?
29
Suppose -24 - 124 = -4*i. What is the remainder when 480 is divided by i?
36
Suppose -1 = -c - l, 3*c - 3*l = -2*c - 3. Suppose c = 2*n - 5*n + 30. Calculate the remainder when 39 is divided by n.
9
Suppose -k - 86 = -2*k + 3*n, k - 91 = 2*n. Calculate the remainder when k is divided by 26.
23
Let r(q) = q**2 - 7*q - 99. Calculate the remainder when 1427 is divided by r(-8).
20
Let s(v) = v. Let u be 1 + -1 - (-14)/7. Let g(q) = -q**2 + 5*q - 4. Let a be g(u). Calculate the remainder when 9 is divided by s(a).
1
Suppose -2*z + 0*z = 0. Suppose z*f = -5*f + 10. Let w(j) = -3*j**3 + 75*j**2 - 4*j + 101. Calculate the remainder when f is divided by w(25).
0
Suppose 403*w = 396*w + 553. What is the remainder when w is divided by 30?
19
Let c = 5 + 2. What is the remainder when (-192)/10*140/(-56) is divided by c?
6
Let o(c) = -2*c**3 + 9*c + c**2 + 15*c - 21*c + 3. What is the remainder when 5 is divided by o(-1)?
2
Let j(y) = -y**3 + 9*y**2 - y + 13. Suppose c - 81 = -5*l, 0 = -2*l - l + 4*c + 67. Let u = l - 6. What is the remainder when u is divided by j(9)?
3
Let b(i) = 3*i + 18. Let r be b(-5). Suppose -5*f + 15 = 0, r*o + 4*f = 2*f + 135. Calculate the remainder when 126 is divided by o.
40
Let f = 24 + -21. Suppose m - 53 = -a, -5*m - 151 = -f*a - 0*m. What is the remainder when 101 is divided by a?
49
Let f(l) = 7*l - 61. Let w = 124 - 100. What is the remainder when f(18) is divided by w?
17
Let w = 53 - 42. Let t = 8 + -5. Calculate the remainder when w is divided by t.
2
Let k = -1349 - -1405. Calculate the remainder when 209 is divided by k.
41
Let y(n) = -n**2 - 8*n - 4. Calculate the remainder when 27 is divided by y(-5).
5
Suppose -72 = -4*o + 2*u, -9*o = -4*o - 5*u - 85. Let t(i) = 2*i. Let s = 13 - 8. What is the remainder when o is divided by t(s)?
9
Suppose 269 = 2*u - 5*y, 3*y + 70 = u - 67. Suppose 2*s - u = -0*s. Calculate the remainder when s is divided by 21.
19
Suppose 4*j + 18 = 5*j. Let h = -18 + j. Suppose h = 19*c - 16*c - 33. What is the remainder when 31 is divided by c?
9
Suppose -c + 7 = h + 16, 5*h + 80 = 2*c. Let n(m) = m**2 + 11*m - 15. What is the remainder when n(h) is divided by 0 - ((-11 - 2) + -2)?
12
Let x be 3/((4 + -9)/20). What is the remainder when 4/x - 0 - (-157)/3 is divided by 19?
14
Suppose 3*i + 4*k = 73, -58 - 56 = -4*i - 2*k. Suppose -11*t - 22 = -13*t. What is the remainder when i is divided by t?
9
Suppose -p + 5 - 2 = 0. Suppose -4*f + 5*j + 50 = 0, p - 51 = -4*f + 4*j. Calculate the remainder when f is divided by (-6)/45*3 + (-32)/(-5).
4
Suppose -532 = 3*j - 187. Let o = j - -203. What is the remainder when o is divided by 2280/126 - (-32)/28*(-1)/12?
16
What is the remainder when 1426 is divided by 1015/30 - (-4 - (-184)/48)?
32
Suppose -2*l - 88 = -3*v, 3*v + 7*l - 4*l = 63. Calculate the remainder when 128 is divided by v.
24
Let t be -2 + 1 + 1 + 3. Calculate the remainder when 23 is divided by t*(-2)/(-3)*4.
7
Let b = 2567 - 1452. Calculate the remainder when b is divided by 34.
27
Let l = 7 + -14. Le